. What is the units digit of 60/v*2/t?
5
What is the tens digit of (0 + 342/30)*25?
8
Suppose 5*q = q + 452. Suppose -2*h + q = 3*o, 215 = 7*h - 3*h - 5*o. What is the units digit of h?
5
Suppose -50*d = -2*m - 51*d + 8394, -5*d - 16760 = -4*m. What is the thousands digit of m?
4
Let d(q) = 197*q - 79. What is the tens digit of d(5)?
0
Suppose 69*k - 128528 = 11*k. What is the tens digit of k?
1
Let z be 2 + -48 + 6 + -1. Let k = 115 - 183. Let w = z - k. What is the units digit of w?
7
Let k(v) = 2*v**2 - 2*v + 4. Let m be k(-3). Suppose 6*c + c - m = 0. Suppose -c*b - 30 = -5*b. What is the units digit of b?
0
Let a be 9/3*4/6. Let o be a - 1/(-4)*-4. What is the units digit of (o - 8/12)*33?
1
Let w(v) = 10*v**2 - 1 - 6*v**2 + v**2 - 4*v**2 - 13*v. What is the units digit of w(15)?
9
Let f = -903 - -1241. What is the hundreds digit of f?
3
Let q(v) = v**2 - v + 6. Let c(m) = m**2 - 11. Let y be c(4). What is the units digit of q(y)?
6
Let x = 22 - 18. Suppose -3*u + 127 = -2*m, 2*u = 6*m - 3*m + 83. Suppose 2*g = 3*o + u, -g - x*o + 18 - 2 = 0. What is the units digit of g?
0
What is the hundreds digit of (31 - 6)*2/4*28?
3
Let i = -248 + 275. What is the tens digit of i?
2
Let c = 823 + -307. What is the units digit of c?
6
Suppose 2*n + 3*n = 20. Suppose -j = 4*b + 18 - 6, n*j - 3*b + 10 = 0. What is the units digit of ((-5)/j)/((-2)/(-48))?
0
What is the tens digit of (-3 + (-4365)/6)/(36/(-72))?
6
Let k(a) be the second derivative of 35*a**3/6 - 23*a**2/2 + 19*a. What is the units digit of k(7)?
2
Suppose -56*o + 2646 = -49*o. What is the tens digit of o?
7
Let x = 25 - 23. Let y = -2 - x. What is the tens digit of 2/y - (-513)/18?
2
Let p be 2/((-8)/(-28)*-1). Let c = 36 - p. Suppose c - 8 = 5*u. What is the units digit of u?
7
Suppose -23 = 4*s - 2*f + 15, -4*f + 41 = -3*s. Let d(x) = -x**3 - 8*x**2 - 8*x + 3. Let z be d(s). Let c = z + -5. What is the units digit of c?
5
Suppose 278 = r - 484. What is the units digit of r?
2
Let b(m) = 50*m - 15. What is the tens digit of b(4)?
8
Let s = -2 - -7. Suppose s*c - 9 = 16. Suppose 0 = 5*g - c. What is the units digit of g?
1
Let t = -3254 + 4967. What is the tens digit of t?
1
Suppose 0 = -2*f - 2*f + 12. Suppose 0 = -f*o - 2*m, -4*o - m - 7 = -2. Let z = 4 - o. What is the units digit of z?
6
Suppose 3*v = -v + 104. What is the units digit of v?
6
Let j(z) = -2*z + 4. Let n be j(5). Let t be (-33)/(-1 - 3/n). Suppose -4*c = -w - w - t, -3*w + 34 = c. What is the tens digit of c?
1
Suppose -964 = 23*r - 25*r. Let l = r + -321. What is the units digit of l?
1
Suppose -2*j = -3*u + 11, 0 = 4*u - j + 6*j - 30. What is the tens digit of 4/u - 1862/(-35)?
5
Let w(t) be the first derivative of -t**4/12 - 7*t**3/3 + 5*t**2 + 7*t - 1. Let h(q) be the first derivative of w(q). What is the tens digit of h(-13)?
2
Suppose 2*o - 2*h = 2452, -2*o - 3*o + h = -6126. What is the tens digit of o?
2
Let o be 2 - ((3 - 8) + 5). Suppose -395 = -3*j - o*j + 5*k, 5*k - 298 = -4*j. What is the units digit of j?
7
Let l(c) = -16*c**3 - 15*c**2 - 2*c + 19. What is the thousands digit of l(-6)?
2
Let o(d) = d**2 - 13*d + 4. Let j be o(13). Suppose t - 5 = -3*i, 5 + 0 = t - j*i. Suppose 8 + 92 = t*g. What is the units digit of g?
0
What is the tens digit of (-1 - -123) + (-25)/5 + 0?
1
Let c(b) = b**3 + 10*b**2 + 5*b. Let y be c(-8). Let h be ((-2)/(-4))/(11/y). Suppose 5*o - h*i = 322, 5*i = -6*o + 2*o + 233. What is the tens digit of o?
6
Suppose -43015 = -3*s - 7*s - 5*t, 4*s - 17208 = -4*t. What is the tens digit of s?
0
Let x = 217 - 217. Let g = -7 - -11. Suppose -g*n + 60 + 20 = x. What is the units digit of n?
0
Suppose -t - 9 - 3 = 0. Let g = t + 15. Suppose g*j + 0*w = -4*w + 238, -4*j + w + 292 = 0. What is the tens digit of j?
7
Let w(r) = 9*r**3 + 2*r**2 - r - 2. Let u be w(-1). Let f = u + 8. Suppose f = 6*m - 4*m - 14. What is the units digit of m?
7
Let n(s) = -58*s - 48. What is the tens digit of n(-16)?
8
Suppose 4*a - v = v + 30, a = 5*v + 3. Let n = 4 - a. Let k(u) = -u**3 - u**2 - 3*u - 4. What is the tens digit of k(n)?
5
Suppose 34*b = 3442 + 3324. What is the tens digit of b?
9
Suppose -3*h + 618 = 3*j, 4*j + 1030 = 5*h + 7*j. What is the tens digit of h?
0
What is the tens digit of ((-6 + 22)*28)/1?
4
Let l(w) = 3*w + 7. Let g be l(-1). Suppose -4*r - r + 674 = 3*a, 2*a + g*r = 446. What is the hundreds digit of a?
2
Let q be (-1)/(-1) - (-7 - (0 - 0)). Let c(y) = 16*y + 73. What is the tens digit of c(q)?
0
Let x(b) = -7*b**3 + b. Let t be x(-1). Let q be -2 - (t/(-1) - 1). Suppose -99 = -q*y + 11. What is the tens digit of y?
2
Suppose k + 1 = -4*a, 3*a + 2*a - 10 = -5*k. Let x(q) = q**3 + 7*q**2 - 2*q - 12. Let r be x(-7). Suppose s - k - r = 0. What is the units digit of s?
5
Let m(l) = -l**2 - 10*l - 10. Let b be m(-8). Let h(z) = -z**3 + 8*z**2 + 5*z - 4. What is the units digit of h(b)?
8
Suppose 2*a - j = 16, 12 = -0*j - 3*j. Suppose -27 = 3*k + 4*n + 62, 4*k + 124 = -4*n. What is the units digit of k/(-21) + 2/a?
2
Suppose -2*i - 652 = -3*r + 2*i, -i - 658 = -3*r. What is the units digit of r?
0
Suppose -4*w = -w - 15. Let x(p) = -w*p + 2 - 5*p - 3 + 0*p - p**2. What is the tens digit of x(-8)?
1
Let f be 88/(-10) + 63/(-315). Suppose -2*t = 12 - 0. What is the units digit of t/f + 128/6?
2
Let p(b) = -2*b**3 - 11*b**2 - 9*b + 9. Let q be p(-7). Suppose 0 = -9*a + 12*a - q. What is the tens digit of a?
7
Suppose -56*f = -38*f - 24210. What is the thousands digit of f?
1
Let v = -596 + 856. What is the tens digit of v?
6
Suppose 258 - 216 = -2*c. What is the units digit of (7/c)/((-1472)/(-492) + -3)?
1
What is the hundreds digit of (-80)/(-280) - 2913/(-21)?
1
What is the units digit of (-68 - -1)/(31/(-186))?
2
Let y = -25 + 25. Suppose y*j + 2*j - 158 = 0. What is the units digit of j?
9
Let j be ((-26)/(-4))/((-10)/(-260)). Suppose 7*u - j = 55. What is the tens digit of u?
3
Let l be -13 - ((-4)/(-4) + -1). Let m = -9 - l. What is the units digit of 19 + (m - 0 - 0)?
3
Let d(p) = -p**3 - 7*p**2 + p - 8. Suppose 6*q + 81 = -3*q. What is the units digit of d(q)?
5
Suppose -25*f = -35*f - 160. Let z(d) = 2*d**3 + 31*d**2 - 17*d + 28. What is the tens digit of z(f)?
4
Let h = -6353 + 8920. What is the units digit of h?
7
Let p = 434 + -134. What is the tens digit of p?
0
Let o(v) = 2*v - 5. Let k(z) = -3*z + 3 + 3*z - 3*z + 2*z. Let g(u) = 7*k(u) + 3*o(u). What is the tens digit of g(-5)?
1
Let c(r) = 1. Let v(l) = -2*l - 8. Let b(d) = 5*c(d) - v(d). What is the tens digit of b(0)?
1
Let w(o) = 241*o - 139. What is the hundreds digit of w(10)?
2
Let b be (-55)/33*(-36)/10. Suppose 0 = -b*i + 275 + 199. What is the tens digit of i?
7
Let x(i) = -i - 26. Let p be (-35)/3 - (-6)/(-18). Let f be x(p). What is the units digit of 615/35 - 6/f?
8
Let o(b) = b**2 + 1. Let g(p) = -p**3 - 2*p**2 + 5*p + 6. Let h(z) = -g(z) - 2*o(z). What is the units digit of h(5)?
2
Let u = 1475 + -730. Suppose b = 3*x + 265, x = 9*b - 12*b + u. What is the tens digit of b?
5
Suppose -13*u + 18*u - 20 = 0. Suppose u*b - 2*b - 4*a = 66, -5*b - 4*a = -95. What is the units digit of b?
3
Let u = -779 + 1225. What is the tens digit of u?
4
Let m(w) = w**3 + 31*w**2 + 14*w + 263. What is the units digit of m(-13)?
3
Let x(p) = p**2 + 9*p + 6. Let n be x(-6). Let v = n - -15. Suppose -o = v*o - u - 7, -3*u = 9. What is the units digit of o?
1
Let f be (1*20)/((-42)/(-21)). Suppose 0 = -f*n + 4*n + 396. What is the tens digit of n?
6
Let k = 144 + -110. What is the tens digit of (k/(-7))/(-2*(-6)/(-84))?
3
Suppose 5*q = -f + 1453, 0 = -5*f + f - q + 5831. What is the tens digit of f?
5
Suppose 2*d = -h - 16, -2*h - 8*d = -3*d + 36. Let g = h + 9. What is the tens digit of (4 - -10)*(g - -1)?
2
What is the units digit of (1184/(-64))/((-4)/1352)?
3
Suppose -j = -c - 2400, -6*c + 2*c = -5*j + 12001. What is the thousands digit of j?
2
Let f = -225 - -368. Suppose -w + 55 = 2*o, -4*o - o - f = -3*w. What is the units digit of w?
1
Suppose 3*p + 9 = -6. Let t(r) = r - 6 - 1 + r**2 + 0*r**2 + 10. What is the units digit of t(p)?
3
What is the hundreds digit of (-28)/(-20)*1471 + (-6)/(-10)?
0
Suppose -4*y - 5*d = -349, 3*y + 0*d - 259 = -d. Suppose -m + 4*c = -61, -y = -0*m - 2*m - 4*c. What is the tens digit of 